5128?
False
Is 88400 a multiple of 16?
True
Does 16 divide 260?
False
Is 4290 a multiple of 55?
True
Is 6 a factor of 3504?
True
Does 18 divide 234?
True
Does 21 divide 470?
False
Is 3314 a multiple of 28?
False
Is 72 a factor of 10388?
False
Is 10 a factor of 6921?
False
Is 56 a factor of 1023?
False
Does 47 divide 1725?
False
Does 5 divide 2450?
True
Is 40600 a multiple of 10?
True
Is 40 a factor of 1828?
False
Is 2352 a multiple of 12?
True
Is 7 a factor of 1280?
False
Is 2349 a multiple of 7?
False
Is 27 a factor of 1242?
True
Does 35 divide 24360?
True
Does 24 divide 7242?
False
Is 11319 a multiple of 3?
True
Does 131 divide 19891?
False
Does 34 divide 1217?
False
Is 108 a factor of 549?
False
Is 20 a factor of 9570?
False
Is 6909 a multiple of 47?
True
Is 27 a factor of 10503?
True
Is 3768 a multiple of 8?
True
Is 14 a factor of 1232?
True
Is 93 a factor of 2986?
False
Is 10 a factor of 150?
True
Is 10 a factor of 26270?
True
Is 1479 a multiple of 17?
True
Is 10 a factor of 3980?
True
Does 29 divide 4018?
False
Is 11448 a multiple of 54?
True
Is 15 a factor of 17580?
True
Does 37 divide 5020?
False
Does 14 divide 9388?
False
Is 7 a factor of 436?
False
Is 8 a factor of 344?
True
Is 159 a factor of 22787?
False
Does 5 divide 6385?
True
Is 1450 a multiple of 58?
True
Is 9296 a multiple of 16?
True
Is 4161 a multiple of 30?
False
Is 35 a factor of 32668?
False
Is 6240 a multiple of 78?
True
Does 10 divide 3350?
True
Does 14 divide 11523?
False
Is 34 a factor of 7662?
False
Is 13940 a multiple of 10?
True
Is 2310 a multiple of 77?
True
Is 169 a multiple of 5?
False
Is 7 a factor of 8176?
True
Is 40 a factor of 2138?
False
Does 46 divide 2280?
False
Is 5 a factor of 699?
False
Is 2 a factor of 297?
False
Is 13 a factor of 286?
True
Does 9 divide 126?
True
Is 4 a factor of 132?
True
Is 17 a factor of 9850?
False
Does 47 divide 705?
True
Is 1557 a multiple of 53?
False
Is 5 a factor of 80?
True
Is 1914 a multiple of 87?
True
Is 432 a multiple of 8?
True
Is 17 a factor of 4101?
False
Is 34 a factor of 408?
True
Does 5 divide 751?
False
Is 64113 a multiple of 213?
True
Is 3 a factor of 14841?
True
Does 5 divide 185?
True
Is 87 a factor of 78175?
False
Is 8 a factor of 264?
True
Is 3212 a multiple of 146?
True
Is 2415 a multiple of 69?
True
Is 461 a multiple of 17?
False
Does 18 divide 396?
True
Is 13 a factor of 567?
False
Is 2 a factor of 649?
False
Is 513 a multiple of 4?
False
Does 9 divide 243?
True
Does 11 divide 627?
True
Is 9 a factor of 495?
True
Is 1484 a multiple of 9?
False
Is 54 a factor of 82620?
True
Is 155 a multiple of 18?
False
Is 16 a factor of 40830?
False
Is 2 a factor of 1747?
False
Is 3161 a multiple of 2?
False
Is 13885 a multiple of 75?
False
Is 33 a factor of 528?
True
Is 44 a factor of 1521?
False
Does 12 divide 4896?
True
Is 56 a factor of 2004?
False
Does 24 divide 21144?
True
Does 75 divide 3251?
False
Does 34 divide 4374?
False
Is 5 a factor of 1104?
False
Does 18 divide 1221?
False
Is 12 a factor of 11052?
True
Is 705 a multiple of 7?
False
Does 16 divide 129?
False
Is 49 a factor of 833?
True
Is 44 a factor of 792?
True
Does 33 divide 1980?
True
Does 15 divide 945?
True
Does 84 divide 546?
False
Does 263 divide 27878?
True
Is 25 a factor of 4925?
True
Is 12 a factor of 93636?
True
Does 109 divide 36297?
True
Does 11 divide 88?
True
Is 5460 a multiple of 20?
True
Does 29 divide 261?
True
Is 1249 a multiple of 8?
False
Is 21 a factor of 262?
False
Is 540 a multiple of 90?
True
Is 28 a factor of 9072?
True
Is 6880 a multiple of 86?
True
Is 472 a multiple of 15?
False
Is 7 a factor of 280?
True
Is 12941 a multiple of 9?
False
Is 1131 a multiple of 39?
True
Does 53 divide 10017?
True
Is 30173 a multiple of 211?
True
Is 1891 a multiple of 61?
True
Is 4 a factor of 574?
False
Is 65598 a multiple of 87?
True
Does 16 divide 4912?
True
Is 5 a factor of 10242?
False
Does 36 divide 468?
True
Is 16 a factor of 19067?
False
Is 3382 a multiple of 11?
False
Is 146 a factor of 15517?
False
Is 2801 a multiple of 9?
False
Is 744 a multiple of 4?
True
Does 14 divide 9665?
False
Does 35 divide 19320?
True
Does 9 divide 3328?
False
Is 2366 even?
True
Does 14 divide 486?
False
Does 7 divide 4408?
False
Does 7 divide 315?
True
Does 15 divide 2610?
True
Does 89 divide 1513?
True
Is 833 a multiple of 49?
True
Is 22468 a multiple of 41?
True
Is 70 a factor of 4494?
False
Is 74 a factor of 25604?
True
Does 33 divide 47?
False
Does 33 divide 429?
True
Is 207 a multiple of 24?
False
Is 33 a factor of 5940?
True
Is 106 a factor of 20523?
False
Is 4 a factor of 216?
True
Is 231 a multiple of 3?
True
Does 15 divide 124?
False
Does 44 divide 704?
True
Does 3 divide 3411?
True
Does 18 divide 51948?
True
Is 5580 a multiple of 62?
True
Is 24 a factor of 48?
True
Is 9 a factor of 10161?
True
Does 17 divide 13583?
True
Is 28445 a multiple of 59?
False
Is 47 a factor of 987?
True
Does 18 divide 15930?
True
Is 16756 a multiple of 118?
True
Does 28 divide 75711?
False
Does 66 divide 4189?
False
Does 23 divide 9959?
True
Does 6 divide 10379?
False
Is 49 a factor of 53214?
True
Is 10 a factor of 577?
False
Is 437 a multiple of 19?
True
Does 17 divide 1751?
True
Is 27063 a multiple of 236?
False
Is 97 a factor of 21243?
True
Is 14 a factor of 22379?
False
Does 17 divide 250?
False
Is 6545 a multiple of 35?
True
Is 8 a factor of 341?
False
Is 14 a factor of 1162?
True
Is 555 a multiple of 37?
True
Is 2880 a multiple of 40?
True
Is 5 a factor of 1510?
True
Is 3305 a multiple of 48?
False
Is 8 a factor of 934?
False
Does 12 divide 7380?
True
Is 182 a multiple of 4?
False
Is 31 a factor of 5735?
True
Is 2530 a multiple of 115?
True
Is 8918 a multiple of 13?
True
Is 29 a multiple of 3?
False
Is 14 a factor of 5292?
True
Is 4 a factor of 10460?
True
Does 6 divide 199?
False
Is 34673 a multiple of 28?
False
Is 67 a factor of 1266?
False
Does 73 divide 121326?
True
Is 1014 a multiple of 39?
True
Does 27 divide 9531?
True
Is 6620 a multiple of 131?
False
Is 4 a factor of 272?
True
Is 28 a factor of 392?
True
Does 23 divide 13800?
True
Does 39 divide 672?
False
Is 2727 a multiple of 9?
True
Is 12 a factor of 3960?
True
Is 252 a multiple of 3?
True
Does 67 divide 12596?
True
Is 25866 a multiple of 54?
True
Is 11 a factor of 1685?
False
Is 5 a factor of 3846?
False
Does 29 divide 145?
True
Does 18 divide 954?
True
Is 1800 a multiple of 40?
True
Is 20 a factor of 461?
False
Does 22 divide 1936?
True
Is 3438 a multiple of 6?
True
Does 41 divide 1840?
False
Is 5415 a multiple of 15?
True
Is 25 a factor of 74450?
True
Is 13 a factor of 448?
False
Does 159 divide 13356?
True
Is 433 a factor of 41568?
True
Is 632 a multiple of 16?
False
Is 47 a factor of 8601?
True
Is 15 a factor of 13773?
False
Is 203 a factor of 4263?
True
Does 20 divide 4933?
False
Is 127 even?
False
Is 8 a factor of 19833?
False
Does 9 divide 1086?
False
Does 10 divide 58993?
False
Does 9 divide 208?
False
Is 59809 a multiple of 42?
False
Is 9 a factor of 93?
False
Is 174 a multiple of 29?
True
Does 61 divide 12627?
True
Does 50 divide 26650?
True
Is 136 a multiple of 8?
True
Is 25034 a multiple of 18?
False
Is 3408 a multiple of 57?
False
Is 78 a factor of 1365?
False
Does 56 divide 2072?
True
Is 477 a factor of 152640?
True
Does 120 divide 10275?
False
Does 42 divide 2342?
False
Is 4651 a multiple of 17?
False
Is 7665 a multiple of 44?
False
Is 10 a factor of 1770?
True
Does 57 divide 500?
False
Is 170 a factor of 29240?
True
Is 2 a factor of 3956?
True
Is 83 a factor of 1992?
True
Is 36 a factor of 915?
False
Is 65 a factor of 1040?
True
Does 61 divide 915?
True
Does 82 divide 17302?
True
Is 58 a factor of 25462?
True
Does 29 divide 348?
True
Is 77 a factor of 20944?
True
Is 20 a factor of 76300?
True
Is 994 a multiple of 71?
True
Is 11 a factor of 3707?
True
Does 6 divide 4869?
False
Is 1840 a multiple of 23?
True
Is 303 a multiple of 3?
True
Does 40 divide 1400?
True
Does 11 divide 55468?
False
Does 18 divide 702?
True
Does 73 divide 650?
False
Is 4 a factor of 142?
False
Does 35 divide 66465?
True
Does 18 divide 1692?
True
Does 7 divide 1141?
True
Is 2376 a multiple of 54?
True
Is 23 a factor of 12006?
True
Is 119 a multiple of 5?
False
Does 143 divide 3718?
True
Does 101 divide 3636?
True
Is 25